f j?
1
Let q(i) = -7*i**3 + 4*i**2 + 12*i. What is the hundreds digit of q(-8)?
7
Suppose 6*t - 6862 = t + 2*s, 5*t - s - 6866 = 0. Suppose 5*o + o = t. Suppose -5*r + 2*a + 568 = 6*a, a = -2*r + o. What is the tens digit of r?
1
Let b(x) = -51*x - 15. Suppose -4*y + 88 + 8 = 4*t, 0 = y - 2*t - 12. Suppose -n = 2 - 4, 5*n - y = 2*z. What is the units digit of b(z)?
0
Let l(b) = -7320*b + 76. What is the units digit of l(-2)?
6
Let w = -7226 - -17735. What is the hundreds digit of w?
5
Let x(q) = 2*q**2 + q - 2. Let d(t) = -t**2 + 1. Let r(w) = 5*d(w) + 3*x(w). What is the hundreds digit of r(-14)?
1
Let y be 120/(-440) + (-41454)/(-22). Suppose -16*h + 548 = -y. What is the hundreds digit of h?
1
Suppose 357167 = 30*h - 83623. What is the hundreds digit of h?
6
What is the ten thousands digit of 290/10 + -4 - -61148?
6
Let w be (-112)/18 + 6 + (-94)/(-18). Let c be 1*28*((-10)/(-8))/w. Suppose 248 = 2*l + 3*o - c*o, -5*o + 372 = 3*l. What is the tens digit of l?
2
Let d(i) = 133*i**2 - 44*i + 485. What is the ten thousands digit of d(11)?
1
Let q be (1 - -3540 - 5) + 1. Suppose 7*m - 2*h = 3*m + 2814, 5*m = -4*h + q. What is the units digit of m?
5
Let h = 908 + -1285. Let i = -153 - h. What is the hundreds digit of i?
2
Let v = -12579 - -19729. Suppose 33*w + v = 55*w. What is the units digit of w?
5
Suppose -2*n - 34*n - 399718 = -58*n. What is the tens digit of n?
6
Let l = 32 + -32. Let y be (-2)/7 + 522/63. Suppose l = -4*d + 88 + y. What is the units digit of d?
4
Suppose -3*v = 33*w - 28*w - 30966, -5*w + 5*v = -30990. What is the units digit of w?
5
Let w be 72/(-27) + 51/9. Let d(c) = 57*c**2 - 7*c + 6. What is the tens digit of d(w)?
9
Let w be 22/(-2) + -9*(-4)/12. Let h(y) = -y**2 - 8*y + 10. Let x be h(w). Suppose 2*f + 4*k = 32 + x, k = 2. What is the tens digit of f?
1
Suppose 0 = y + 5*r - 13, 4*y - r + 14 = r. What is the units digit of ((-215)/25)/(y/10)?
3
Let f(k) be the third derivative of 2*k**4/3 - 29*k**3/6 + 25*k**2 - k. What is the tens digit of f(41)?
2
Suppose -3*z + 15*g + 18881 = 20*g, 6303 = z - 3*g. What is the units digit of z?
7
Let o be -10 - -18 - 11/(22/12). Let g be 6/(-15) - (-2)/5. Suppose u + 4*m - 51 = -g*u, -102 = -o*u - m. What is the tens digit of u?
5
Let k = -22 - -55. Let r = -734 - -770. Let d = r - k. What is the units digit of d?
3
Suppose 0*p + 2*l = 3*p - 187, 4*l = -8. Suppose -261 = 5*o - 8*o. Let y = o - p. What is the tens digit of y?
2
Let w(v) = -v**3 + v**2 - v + 310. Let t be w(0). Let s = -20711 + 20532. Let a = t + s. What is the tens digit of a?
3
What is the tens digit of 5*50664/(-9)*(11 - 687/60)?
6
Suppose -3*z - z = -244. Suppose b = -5*g - 7 - 0, -g = 3*b - 7. Suppose 0 = c + b*k - z, -305 = -5*c + 2*k + k. What is the tens digit of c?
6
Let d(j) = -5*j**3 - 13*j**2 + 18*j + 26. Let z(v) = 13*v**3 + 39*v**2 - 55*v - 76. Let u(q) = -11*d(q) - 4*z(q). What is the units digit of u(9)?
0
Let m = 60 + 16. Let p = 79 - m. What is the units digit of (-394)/(-4)*1*(p - 1)?
7
Suppose -2 - 1 = a - f, -f = -5. Let v(l) = 5*l**3 - 2*l + 2*l**3 + 4*l - l**a - 1. What is the units digit of v(1)?
7
Let p = 1796 + -413. Suppose 0*l - 1386 = -3*l + 2*r, r + p = 3*l. What is the hundreds digit of l?
4
Let w = -85 + 3016. What is the tens digit of w?
3
Let s(m) = -20*m + 27. Let z be s(-12). Let f = 468 - z. What is the units digit of f?
1
Let m(p) = -115*p - 2081. What is the thousands digit of m(-57)?
4
Let q(w) be the third derivative of -w**6/60 + 19*w**5/60 + w**4/3 - 19*w**3/6 + w**2 + 28. What is the hundreds digit of q(9)?
1
Suppose k - 60066 = 2*n, -2*k - 29*n = -26*n - 120111. What is the units digit of k?
0
Suppose k - 64*j = -63*j + 37265, 14 = -2*j. What is the units digit of k?
8
Suppose 7 + 18 = -5*o, d = -o + 709. Let y be 1 + 5 - (-1 - -3). Suppose -7*w - 705 = -4*j - 2*w, y*j - 2*w - d = 0. What is the hundreds digit of j?
1
Let a be (5 + (-1 - 0) - 1)/(-1). What is the tens digit of (a/4 - (-55)/132)*-915?
0
What is the thousands digit of (1*2)/(1394/26443483)?
7
Suppose 0 = 14*z - 11*z - 57. Suppose -4*i = 2*q - 240, -4*q = -9*q - 3*i + 572. Let n = z + q. What is the tens digit of n?
3
Let k(i) = 243*i**2 + 4*i + 6. Let v be k(3). Suppose v = 8*r - r. What is the tens digit of r?
1
Let x(l) = -140*l + 5506. What is the ten thousands digit of x(-34)?
1
Suppose -4*r + 10 - 250 = 0. Let g be (-2)/(-17) - 6000/136. Let m = g - r. What is the tens digit of m?
1
Let f(x) = -x**3 + 13*x**2 + 13*x + 24. Let j be f(9). Suppose 2*d + 7*k - 2*k - j = 0, 2*k = -d + 231. What is the tens digit of d?
2
Let x(w) = w**2 - 8*w - 33. Let a be x(22). Let y = a - 205. What is the units digit of y?
0
Let j = 0 - -12. Let o be (-105)/10*(-3 + 1). What is the units digit of (259/o)/(4/j)?
7
Let f = 70 - 14. What is the tens digit of (56 - f) + 1 + 653?
5
Let x(o) be the third derivative of 11*o**8/2880 + o**6/720 + o**5/5 + 12*o**2. Let f(r) be the third derivative of x(r). What is the tens digit of f(1)?
7
Let q = 576 - 570. What is the units digit of (13587/63)/(-1*(-2)/q)?
7
Let h be (-115)/(6/(12/(-5))). What is the tens digit of 39 + h - (1 + -2 - 1)?
8
What is the units digit of (-45)/27 + 3 + (-84235)/(-15)?
7
Let d(j) be the first derivative of -43*j**2 + 26*j - 2. Let f be d(-2). Suppose 5*t - f = 282. What is the units digit of t?
6
Let u = -4 + 8. Let d = 832 + -431. Suppose d = u*v + 105. What is the tens digit of v?
7
Let d = -1089 + 1623. Suppose -2*p + 2*f + 210 = -0*f, 2*f = 5*p - d. What is the units digit of p?
8
Suppose 19*a = 3780 - 24167. Let x = 1707 + a. What is the hundreds digit of x?
6
Let s = 3364 - 2798. What is the hundreds digit of s?
5
Let i(d) = -d**3 + 67*d**2 + 50*d - 196. What is the units digit of i(67)?
4
Let y = -831 - 5. Let b = -503 - y. What is the hundreds digit of b?
3
Let s(q) = -315*q - 400. What is the hundreds digit of s(-32)?
6
Let i = -423 - -423. Let d(w) = w**3 + 3*w**2 + 406. What is the units digit of d(i)?
6
Suppose c - 51516 = -5*v, 364*v = 366*v - 6. What is the units digit of c?
1
Suppose 18*n - 18327 = -55385 + 440492. What is the ten thousands digit of n?
2
Let m = -479 + 483. Suppose m*g - x - 249 = 0, 315 = -4*g + 9*g - 5*x. What is the tens digit of g?
6
Let p = 368 - 365. Suppose p*m - 3*n - 199 - 59 = 0, 406 = 5*m + n. What is the units digit of m?
2
Suppose -c = b - 8, 2*b - 12 = c - 11. Suppose c*j - 4*j - 868 = 0. What is the tens digit of j?
6
Suppose 316*a - 1139488 = 543528. What is the units digit of a?
6
Let r = 675 - -735. What is the thousands digit of r?
1
Suppose -27*d - 58*d + 146285 = 0. What is the thousands digit of d?
1
Suppose -3*t = 2*t + 25, -5*s + 135 = -5*t. Let x = 26 - s. Suppose -4*c + 4*y + 304 = 0, y + 172 = 2*c + x*y. What is the units digit of c?
0
Let g be ((2 + 1)/6)/((-1)/12). Let y be 0 + (g + 3)/1. What is the tens digit of (-6)/y*(-16)/(-1)?
3
Let o(x) = -1190*x + 3593. What is the thousands digit of o(-8)?
3
Let k(j) = j**3 + 2*j**2 - j - 2. Let w be k(2). Let h = -181 + 326. Let d = h - w. What is the units digit of d?
3
Let g = 180 - 178. Suppose -j + 83 = y, -g*y - 6 = -0*y. What is the units digit of j?
6
What is the hundreds digit of (-21904)/(-1776)*-2*(0 + -306)?
5
Let u(x) = x**3 - 55*x**2 + 6*x + 479. What is the ten thousands digit of u(60)?
1
Suppose -6*o + 11*o - 41 = t, t = 2*o - 35. Let i = 101 + t. What is the units digit of i?
0
Suppose 4*v + 3 = 5*v. Let q(f) = 12*f - 2. Let p be q(v). Suppose 36*s = p*s + 184. What is the units digit of s?
2
What is the hundreds digit of 6938/(-12 - (-425)/34)?
8
Suppose -5*b - 3*k = -259, b - 4*k - 5 = 33. Let h = 486 - 496. Let r = b + h. What is the tens digit of r?
4
Let m = -7356 - -17256. What is the thousands digit of m?
9
Let m(r) = r**3 - 11*r**2 + 26*r - 12. Let n be m(11). What is the tens digit of n - (20 + -6 - 7)?
6
Let a(r) = 900*r**2 - 3*r - 12. Let s be a(-4). What is the tens digit of s/26 - (-2)/13?
5
Suppose 32*v = 35*v + 159. Let g = -114 - v. Let c = 88 - g. What is the tens digit of c?
4
Suppose -o + 53 = 14*t - 9*t, 3*o - 87 = 3*t. What is the tens digit of o?
3
Let v = 27224 + -16005. What is the units digit of v?
9
Let m(j) = -28*j**2 - 1008*j - 17. What is the units digit of m(-15)?
3
Let h(u) = 80*u - 1439. What i